{"id":8038,"date":"2024-03-19T22:06:30","date_gmt":"2024-03-19T21:06:30","guid":{"rendered":"https:\/\/bellagirlmagazin.hu\/?page_id=8038"},"modified":"2024-03-19T22:06:30","modified_gmt":"2024-03-19T21:06:30","slug":"nagyne-vegh-csenge","status":"publish","type":"page","link":"https:\/\/bellagirlmagazin.hu\/?page_id=8038","title":{"rendered":"Nagyn\u00e9 V\u00e9gh Csenge"},"content":{"rendered":"<p>Sziasztok!<\/p>\n<p>Nagyn\u00e9 V\u00e9gh Csenge vagyok, h\u00e1zass\u00e1gban \u00e9lek, h\u00e1rom gyermek \u00e9desanyja vagyok. Leny\u0171g\u00f6z Isten szerelme \u00e9s a Biblia szerelemmel, h\u00e1zass\u00e1ggal \u00e9s szexualit\u00e1ssal kapcsolatos gondolatainak m\u00e9lys\u00e9ge \u00e9s gazdags\u00e1ga.<\/p>\n<p>&nbsp;<\/p>\n","protected":false},"excerpt":{"rendered":"<p>Sziasztok! Nagyn\u00e9 V\u00e9gh Csenge vagyok, h\u00e1zass\u00e1gban \u00e9lek, h\u00e1rom gyermek \u00e9desanyja vagyok. Leny\u0171g\u00f6z Isten szerelme \u00e9s a Biblia szerelemmel, h\u00e1zass\u00e1ggal \u00e9s szexualit\u00e1ssal kapcsolatos gondolatainak m\u00e9lys\u00e9ge \u00e9s gazdags\u00e1ga. &nbsp;<\/p>\n","protected":false},"author":1,"featured_media":0,"parent":0,"menu_order":0,"comment_status":"closed","ping_status":"closed","template":"","meta":{"ngg_post_thumbnail":0,"footnotes":""},"aioseo_notices":[],"jetpack-related-posts":[],"jetpack_sharing_enabled":true,"_links":{"self":[{"href":"https:\/\/bellagirlmagazin.hu\/index.php?rest_route=\/wp\/v2\/pages\/8038"}],"collection":[{"href":"https:\/\/bellagirlmagazin.hu\/index.php?rest_route=\/wp\/v2\/pages"}],"about":[{"href":"https:\/\/bellagirlmagazin.hu\/index.php?rest_route=\/wp\/v2\/types\/page"}],"author":[{"embeddable":true,"href":"https:\/\/bellagirlmagazin.hu\/index.php?rest_route=\/wp\/v2\/users\/1"}],"replies":[{"embeddable":true,"href":"https:\/\/bellagirlmagazin.hu\/index.php?rest_route=%2Fwp%2Fv2%2Fcomments&post=8038"}],"version-history":[{"count":1,"href":"https:\/\/bellagirlmagazin.hu\/index.php?rest_route=\/wp\/v2\/pages\/8038\/revisions"}],"predecessor-version":[{"id":8039,"href":"https:\/\/bellagirlmagazin.hu\/index.php?rest_route=\/wp\/v2\/pages\/8038\/revisions\/8039"}],"wp:attachment":[{"href":"https:\/\/bellagirlmagazin.hu\/index.php?rest_route=%2Fwp%2Fv2%2Fmedia&parent=8038"}],"curies":[{"name":"wp","href":"https:\/\/api.w.org\/{rel}","templated":true}]}}