{"id":8034,"date":"2024-03-19T22:04:11","date_gmt":"2024-03-19T21:04:11","guid":{"rendered":"https:\/\/bellagirlmagazin.hu\/?page_id=8034"},"modified":"2024-03-19T22:04:26","modified_gmt":"2024-03-19T21:04:26","slug":"orban-stefi","status":"publish","type":"page","link":"https:\/\/bellagirlmagazin.hu\/?page_id=8034","title":{"rendered":"Orb\u00e1n Stefi"},"content":{"rendered":"<p>Sziasztok!<\/p>\n<p>&nbsp;&nbsp;&nbsp;&nbsp;&nbsp;&nbsp;&nbsp;Orb\u00e1n Stefi vagyok, 24 \u00e9ves, brass\u00f3i, erd\u00e9lyi l\u00e1ny. Jelenleg nem tanulok, \u00e9s nem is dolgozom. Ez\u00e1ltal is tan\u00edt az \u00dar hitb\u0151l \u00e9lni. Jelenleg egy pihen\u0151 id\u0151szakban vagyok, ahol Istenre tekinthetek t\u00f6bbet, \u00e9s megl\u00e1thatom az \u0150 akarat\u00e1t az \u00e9letemre n\u00e9zve. Szeretek \u00f6nk\u00e9nteskedni, \u00e9rdekel az \u00f6nfejleszt\u00e9s, Krisztus szem\u00e9vel n\u00e9zve. Ez az id\u0151szak lehet\u0151v\u00e9 tette sz\u00e1momra, hogy A V\u00e1laszd az \u00e9letet Egyes\u00fclethez, egy rom\u00e1n, kereszt\u00e9ny fiatalok, f\u0151k\u00e9nt egyetemist\u00e1k fel\u00e9 szolg\u00e1l\u00f3 egyes\u00fclethez csatlakozhassak. Kb. k\u00e9t h\u00f3napja vagyok n\u00e1luk \u00f6nk\u00e9ntes. Ebben az id\u0151szakban ismertem meg a mozg\u00e1ss\u00e9r\u00fcltekkel val\u00f3 \u00f6nk\u00e9ntess\u00e9g sz\u00e9ps\u00e9g\u00e9t \u00e9s neh\u00e9zs\u00e9g\u00e9t is. Emellett Isten ajt\u00f3kat nyitott ki, a Krisztusban val\u00f3 n\u00f6veked\u00e9s ter\u00fclet\u00e9n is, p\u00e9ld\u00e1ul a Szabads\u00e1g Krisztusban nev\u0171 kurzus seg\u00edts\u00e9g\u00e9vel, vagy A tan\u00edtv\u00e1nys\u00e1g alapjai tanulm\u00e1ny seg\u00edts\u00e9g\u00e9vel. Nemr\u00e9g egy kereszt\u00e9ny, rom\u00e1n \u00f6nfejleszt\u00e9si kurzust is elkezdhettem. Szeretem az emberekkel val\u00f3 kapcsol\u00f3d\u00e1st, rajzolni, \u00e9s nem utols\u00f3 sorban \u00edrni.&nbsp;<\/p>\n<p>&nbsp;&nbsp;&nbsp;&nbsp;&nbsp;&nbsp;&nbsp;A Bella girl Magazinnal 2019-ben tal\u00e1lkoztam el\u0151sz\u00f6r, egy nyomtatott magazin r\u00e9v\u00e9n, Budapesten lev\u0151 l\u00e1togat\u00e1somkor. Annyira megfogott a kereszt\u00e9ny \u00e9rt\u00e9kek k\u00f6zvet\u00edt\u00e9se, hogy m\u00e1r akkor megfogalmaz\u00f3dott bennem, hogy egyszer tal\u00e1n \u00e9n is \u00edrhatn\u00e9k ide. Az \u00dar nem feledkezett meg err\u0151l a v\u00e1gyamr\u00f3l, \u00e9s megt\u00e9r\u00e9sem el\u0151tt nem sokkal, 2022 febru\u00e1rj\u00e1ban egy fut\u00f3 gondolat folyt\u00e1n jelentkeztem az \u00edr\u00f3i csapatba. A Bella girl misszi\u00f3ja sz\u00e1momra az\u00e9rt fontos, mert a l\u00e1nyok a sz\u00edvemen vannak, \u00e9s tudom, hogy nagyon \u00e9heztem a val\u00f3s \u00e9rt\u00e9kek megismer\u00e9s\u00e9re \u00e9n is, fiatalabb koromban. Itt megtal\u00e1ltam a helyem, \u00e9s egy hiteles, igaz bar\u00e1tokat ad\u00f3 k\u00f6z\u00f6ss\u00e9gre is tal\u00e1ltam. Nem b\u00e1ntam meg, hogy jelentkeztem!<\/p>\n<p>&nbsp;<\/p>\n<p>Stefi<\/p>\n<p>&nbsp;<\/p>\n","protected":false},"excerpt":{"rendered":"<p>Sziasztok! &nbsp;&nbsp;&nbsp;&nbsp;&nbsp;&nbsp;&nbsp;Orb\u00e1n Stefi vagyok, 24 \u00e9ves, brass\u00f3i, erd\u00e9lyi l\u00e1ny. Jelenleg nem tanulok, \u00e9s nem is dolgozom. Ez\u00e1ltal is tan\u00edt az \u00dar hitb\u0151l \u00e9lni. Jelenleg egy pihen\u0151 id\u0151szakban vagyok, ahol Istenre tekinthetek t\u00f6bbet, \u00e9s megl\u00e1thatom az \u0150 akarat\u00e1t az \u00e9letemre n\u00e9zve. Szeretek \u00f6nk\u00e9nteskedni, \u00e9rdekel az \u00f6nfejleszt\u00e9s, Krisztus szem\u00e9vel n\u00e9zve. Ez az id\u0151szak lehet\u0151v\u00e9 tette sz\u00e1momra, hogy&#8230;<a class=\"btnReadMore blake-von-hauer-font-3\" href=\"https:\/\/bellagirlmagazin.hu\/?page_id=8034\"> \/ TOV\u00c1BB OLVASOM \/<\/a><\/p>\n","protected":false},"author":1,"featured_media":0,"parent":0,"menu_order":0,"comment_status":"closed","ping_status":"closed","template":"","meta":{"ngg_post_thumbnail":0,"footnotes":""},"aioseo_notices":[],"jetpack-related-posts":[],"jetpack_sharing_enabled":true,"_links":{"self":[{"href":"https:\/\/bellagirlmagazin.hu\/index.php?rest_route=\/wp\/v2\/pages\/8034"}],"collection":[{"href":"https:\/\/bellagirlmagazin.hu\/index.php?rest_route=\/wp\/v2\/pages"}],"about":[{"href":"https:\/\/bellagirlmagazin.hu\/index.php?rest_route=\/wp\/v2\/types\/page"}],"author":[{"embeddable":true,"href":"https:\/\/bellagirlmagazin.hu\/index.php?rest_route=\/wp\/v2\/users\/1"}],"replies":[{"embeddable":true,"href":"https:\/\/bellagirlmagazin.hu\/index.php?rest_route=%2Fwp%2Fv2%2Fcomments&post=8034"}],"version-history":[{"count":1,"href":"https:\/\/bellagirlmagazin.hu\/index.php?rest_route=\/wp\/v2\/pages\/8034\/revisions"}],"predecessor-version":[{"id":8035,"href":"https:\/\/bellagirlmagazin.hu\/index.php?rest_route=\/wp\/v2\/pages\/8034\/revisions\/8035"}],"wp:attachment":[{"href":"https:\/\/bellagirlmagazin.hu\/index.php?rest_route=%2Fwp%2Fv2%2Fmedia&parent=8034"}],"curies":[{"name":"wp","href":"https:\/\/api.w.org\/{rel}","templated":true}]}}