{"id":8030,"date":"2024-03-19T22:02:02","date_gmt":"2024-03-19T21:02:02","guid":{"rendered":"https:\/\/bellagirlmagazin.hu\/?page_id=8030"},"modified":"2024-03-19T22:02:02","modified_gmt":"2024-03-19T21:02:02","slug":"hajducsi-jessica","status":"publish","type":"page","link":"https:\/\/bellagirlmagazin.hu\/?page_id=8030","title":{"rendered":"Hajducsi Jessica"},"content":{"rendered":"<h4>A nevem Jessi, 18 \u00e9ves vagyok, di\u00e1k, \u00e9pp a 12. oszt\u00e1lyt fogom v\u00e9gezni. Rem\u00e9lhet\u0151leg \u0151szt\u0151l \u00f3v\u00f3- \u00e9s tan\u00edt\u00f3k\u00e9pz\u0151 egyetemre fogok tov\u00e1bb menni.<\/h4>\n<h4>Ebb\u0151l is l\u00e1tszik egy fontos t\u00e9ny r\u00f3lam, hogy nagyon szeretem a gyerekeket. A magazinnal m\u00e9g tini korom elej\u00e9n tal\u00e1lkoztam 14 \u00e9vesen. Mivel nagyon szeretek olvasni, \u00f6r\u00f6m volt sz\u00e1momra hogy a kezemben forgathatok egy fiatal l\u00e1nyoknak sz\u00f3l\u00f3 kereszt\u00e9ny magazint, ami seg\u00edt a mindennapjaimban. Szerintem ez t\u00e9nyleg egy hi\u00e1nyp\u00f3tl\u00f3 magazin. Emellett Anna Youtube vide\u00f3it is rendszeresen n\u00e9ztem, van amit t\u00f6bbsz\u00f6r, ak\u00e1r h\u00e1zimunka k\u00f6zben, mert rengeteget \u00e9p\u00fcltem \u00e1ltaluk. Nikivel 2023-ban besz\u00e9ltem el\u0151sz\u00f6r \u00e9s akkor ker\u00fcltem be az \u00f6nk\u00e9ntes \u00edr\u00f3i csapatba, ahol \u00faj bar\u00e1tokra tal\u00e1ltam. Nagyon \u00f6r\u00fcltem a lehet\u0151s\u00e9gnek, mert Isten a sz\u00edvemre helyezte elh\u00edv\u00e1sk\u00e9nt, hogy foglalkozzak a tini l\u00e1nyokkal \u00e1tadva nekik azt, amit \u00e9n is kaptam Istent\u0151l \u00e9s mindig is nagyon szerettem \u00edrni.&nbsp;<\/h4>\n<h4>Ezek mellett nagyon szeretek fot\u00f3kat k\u00e9sz\u00edteni, k\u00e9zimunk\u00e1zni. Egy kis \u00fczenet amit vigy\u00e9l el magaddal \u00e9s \u00e9p\u00edtsd be a mindennapjaidba: Legy\u00e9l J\u00e9zus mosolya!<\/h4>\n<p>&nbsp;<\/p>\n","protected":false},"excerpt":{"rendered":"<p>A nevem Jessi, 18 \u00e9ves vagyok, di\u00e1k, \u00e9pp a 12. oszt\u00e1lyt fogom v\u00e9gezni. Rem\u00e9lhet\u0151leg \u0151szt\u0151l \u00f3v\u00f3- \u00e9s tan\u00edt\u00f3k\u00e9pz\u0151 egyetemre fogok tov\u00e1bb menni. Ebb\u0151l is l\u00e1tszik egy fontos t\u00e9ny r\u00f3lam, hogy nagyon szeretem a gyerekeket. A magazinnal m\u00e9g tini korom elej\u00e9n tal\u00e1lkoztam 14 \u00e9vesen. Mivel nagyon szeretek olvasni, \u00f6r\u00f6m volt sz\u00e1momra hogy a kezemben forgathatok egy&#8230;<a class=\"btnReadMore blake-von-hauer-font-3\" href=\"https:\/\/bellagirlmagazin.hu\/?page_id=8030\"> \/ TOV\u00c1BB OLVASOM \/<\/a><\/p>\n","protected":false},"author":1,"featured_media":0,"parent":0,"menu_order":0,"comment_status":"closed","ping_status":"closed","template":"","meta":{"ngg_post_thumbnail":0,"footnotes":""},"aioseo_notices":[],"jetpack-related-posts":[],"jetpack_sharing_enabled":true,"_links":{"self":[{"href":"https:\/\/bellagirlmagazin.hu\/index.php?rest_route=\/wp\/v2\/pages\/8030"}],"collection":[{"href":"https:\/\/bellagirlmagazin.hu\/index.php?rest_route=\/wp\/v2\/pages"}],"about":[{"href":"https:\/\/bellagirlmagazin.hu\/index.php?rest_route=\/wp\/v2\/types\/page"}],"author":[{"embeddable":true,"href":"https:\/\/bellagirlmagazin.hu\/index.php?rest_route=\/wp\/v2\/users\/1"}],"replies":[{"embeddable":true,"href":"https:\/\/bellagirlmagazin.hu\/index.php?rest_route=%2Fwp%2Fv2%2Fcomments&post=8030"}],"version-history":[{"count":1,"href":"https:\/\/bellagirlmagazin.hu\/index.php?rest_route=\/wp\/v2\/pages\/8030\/revisions"}],"predecessor-version":[{"id":8031,"href":"https:\/\/bellagirlmagazin.hu\/index.php?rest_route=\/wp\/v2\/pages\/8030\/revisions\/8031"}],"wp:attachment":[{"href":"https:\/\/bellagirlmagazin.hu\/index.php?rest_route=%2Fwp%2Fv2%2Fmedia&parent=8030"}],"curies":[{"name":"wp","href":"https:\/\/api.w.org\/{rel}","templated":true}]}}

<h4>A nevem Jessi, 18 éves vagyok, diák, épp a 12. osztályt fogom végezni. Remélhetőleg ősztől óvó- és tanítóképző egyetemre fogok tovább menni.</h4>
<h4>Ebből is látszik egy fontos tény rólam, hogy nagyon szeretem a gyerekeket. A magazinnal még tini korom elején találkoztam 14 évesen. Mivel nagyon szeretek olvasni, öröm volt számomra hogy a kezemben forgathatok egy fiatal lányoknak szóló keresztény magazint, ami segít a mindennapjaimban. Szerintem ez tényleg egy hiánypótló magazin. Emellett Anna Youtube videóit is rendszeresen néztem, van amit többször, akár házimunka közben, mert rengeteget épültem általuk. Nikivel 2023-ban beszéltem először és akkor kerültem be az önkéntes írói csapatba, ahol új barátokra találtam. Nagyon örültem a lehetőségnek, mert Isten a szívemre helyezte elhívásként, hogy foglalkozzak a tini lányokkal átadva nekik azt, amit én is kaptam Istentől és mindig is nagyon szerettem írni.&nbsp;</h4>
<h4>Ezek mellett nagyon szeretek fotókat készíteni, kézimunkázni. Egy kis üzenet amit vigyél el magaddal és építsd be a mindennapjaidba: Legyél Jézus mosolya!</h4>
<p>&nbsp;</p>

<p>A nevem Jessi, 18 éves vagyok, diák, épp a 12. osztályt fogom végezni. Remélhetőleg ősztől óvó- és tanítóképző egyetemre fogok tovább menni. Ebből is látszik egy fontos tény rólam, hogy nagyon szeretem a gyerekeket. A magazinnal még tini korom elején találkoztam 14 évesen. Mivel nagyon szeretek olvasni, öröm volt számomra hogy a kezemben forgathatok egy&#8230;<a class="btnReadMore blake-von-hauer-font-3" href="https://bellagirlmagazin.hu/?page_id=8030"> / TOVÁBB OLVASOM /</a></p>
