{"id":8024,"date":"2024-03-19T21:59:06","date_gmt":"2024-03-19T20:59:06","guid":{"rendered":"https:\/\/bellagirlmagazin.hu\/?page_id=8024"},"modified":"2024-03-19T21:59:06","modified_gmt":"2024-03-19T20:59:06","slug":"szabo-g-viktoria","status":"publish","type":"page","link":"https:\/\/bellagirlmagazin.hu\/?page_id=8024","title":{"rendered":"Szab\u00f3 G. Vikt\u00f3ria"},"content":{"rendered":"<h4>\u00d6r\u00fcl\u00f6k, hogy a nevem jelent\u00e9se a gy\u0151zelem. Volt id\u0151, amikor lecser\u00e9ltem volna valamilyen divatosabbra, de ma m\u00e1r szeretem, mert az jut eszembe, hogy Krisztusban gy\u0151ztes vagyok. Mert \u0150 megszerezte nek\u00fcnk a kereszten a kiv\u00e1lts\u00e1gainkat. Az \u00edr\u00e1s l\u00e9telemem tini korom \u00f3ta, ez\u00e9rt is vagyok h\u00e1l\u00e1s, hogy egy kereszt\u00e9ny magazinba \u00edrhatok; Nektek.<\/h4>\n","protected":false},"excerpt":{"rendered":"<p>\u00d6r\u00fcl\u00f6k, hogy a nevem jelent\u00e9se a gy\u0151zelem. Volt id\u0151, amikor lecser\u00e9ltem volna valamilyen divatosabbra, de ma m\u00e1r szeretem, mert az jut eszembe, hogy Krisztusban gy\u0151ztes vagyok. Mert \u0150 megszerezte nek\u00fcnk a kereszten a kiv\u00e1lts\u00e1gainkat. Az \u00edr\u00e1s l\u00e9telemem tini korom \u00f3ta, ez\u00e9rt is vagyok h\u00e1l\u00e1s, hogy egy kereszt\u00e9ny magazinba \u00edrhatok; Nektek.<\/p>\n","protected":false},"author":1,"featured_media":0,"parent":0,"menu_order":0,"comment_status":"closed","ping_status":"closed","template":"","meta":{"ngg_post_thumbnail":0,"footnotes":""},"aioseo_notices":[],"jetpack-related-posts":[],"jetpack_sharing_enabled":true,"_links":{"self":[{"href":"https:\/\/bellagirlmagazin.hu\/index.php?rest_route=\/wp\/v2\/pages\/8024"}],"collection":[{"href":"https:\/\/bellagirlmagazin.hu\/index.php?rest_route=\/wp\/v2\/pages"}],"about":[{"href":"https:\/\/bellagirlmagazin.hu\/index.php?rest_route=\/wp\/v2\/types\/page"}],"author":[{"embeddable":true,"href":"https:\/\/bellagirlmagazin.hu\/index.php?rest_route=\/wp\/v2\/users\/1"}],"replies":[{"embeddable":true,"href":"https:\/\/bellagirlmagazin.hu\/index.php?rest_route=%2Fwp%2Fv2%2Fcomments&post=8024"}],"version-history":[{"count":1,"href":"https:\/\/bellagirlmagazin.hu\/index.php?rest_route=\/wp\/v2\/pages\/8024\/revisions"}],"predecessor-version":[{"id":8025,"href":"https:\/\/bellagirlmagazin.hu\/index.php?rest_route=\/wp\/v2\/pages\/8024\/revisions\/8025"}],"wp:attachment":[{"href":"https:\/\/bellagirlmagazin.hu\/index.php?rest_route=%2Fwp%2Fv2%2Fmedia&parent=8024"}],"curies":[{"name":"wp","href":"https:\/\/api.w.org\/{rel}","templated":true}]}}