{"id":7976,"date":"2024-03-19T16:26:36","date_gmt":"2024-03-19T15:26:36","guid":{"rendered":"https:\/\/bellagirlmagazin.hu\/?page_id=7976"},"modified":"2025-04-08T16:43:20","modified_gmt":"2025-04-08T14:43:20","slug":"bella-lanyok","status":"publish","type":"page","link":"https:\/\/bellagirlmagazin.hu\/?page_id=7976","title":{"rendered":"Bella l\u00e1nyok"},"content":{"rendered":"<p>&nbsp;<\/p>\n<p>&nbsp;<\/p>\n<p><script src=\"https:\/\/cdn.tailwindcss.com\"><\/script><\/p>\n<p><!-- partial:index.partial.html --><\/p>\n<section class=\"max-w-screen-xl mx-auto py-20 px-8 lg:px-10\">\n<hr class=\"mx-auto w-12 h-1 outline-0 border-0 bg-green-300 block mt-4 mb-6\">\n<p class=\"text-center text-xl text-gray-800\">Ismerd meg a Bella L\u00e1nyokat!<\/p>\n<div class=\"flex flex-col gap-6 mt-16\">\n<div class=\"flex flex-col md:flex-row gap-6\">\n<div class=\"w-full lg:w-1\/4 rounded-3xl overflow-hidden\"><img loading=\"lazy\" decoding=\"async\" data-attachment-id=\"8321\" data-permalink=\"https:\/\/bellagirlmagazin.hu\/?attachment_id=8321\" data-orig-file=\"https:\/\/i0.wp.com\/bellagirlmagazin.hu\/wp-content\/uploads\/2025\/04\/niki-bellagirl-2025.jpg?fit=1647%2C1631&amp;ssl=1\" data-orig-size=\"1647,1631\" data-comments-opened=\"1\" data-image-meta=\"{&quot;aperture&quot;:&quot;0&quot;,&quot;credit&quot;:&quot;&quot;,&quot;camera&quot;:&quot;&quot;,&quot;caption&quot;:&quot;&quot;,&quot;created_timestamp&quot;:&quot;0&quot;,&quot;copyright&quot;:&quot;&quot;,&quot;focal_length&quot;:&quot;0&quot;,&quot;iso&quot;:&quot;0&quot;,&quot;shutter_speed&quot;:&quot;0&quot;,&quot;title&quot;:&quot;&quot;,&quot;orientation&quot;:&quot;0&quot;}\" data-image-title=\"niki_bellagirl_2025\" data-image-description=\"\" data-image-caption=\"\" data-medium-file=\"https:\/\/i0.wp.com\/bellagirlmagazin.hu\/wp-content\/uploads\/2025\/04\/niki-bellagirl-2025.jpg?fit=300%2C297&amp;ssl=1\" data-large-file=\"https:\/\/i0.wp.com\/bellagirlmagazin.hu\/wp-content\/uploads\/2025\/04\/niki-bellagirl-2025.jpg?fit=1024%2C1014&amp;ssl=1\" class=\"alignleft size-large wp-image-8321\" src=\"https:\/\/i0.wp.com\/bellagirlmagazin.hu\/wp-content\/uploads\/2025\/04\/niki-bellagirl-2025.jpg?resize=1024%2C1014&#038;ssl=1\" alt=\"\" width=\"1024\" height=\"1014\" srcset=\"https:\/\/i0.wp.com\/bellagirlmagazin.hu\/wp-content\/uploads\/2025\/04\/niki-bellagirl-2025.jpg?resize=1024%2C1014&amp;ssl=1 1024w, https:\/\/i0.wp.com\/bellagirlmagazin.hu\/wp-content\/uploads\/2025\/04\/niki-bellagirl-2025.jpg?resize=300%2C297&amp;ssl=1 300w, https:\/\/i0.wp.com\/bellagirlmagazin.hu\/wp-content\/uploads\/2025\/04\/niki-bellagirl-2025.jpg?resize=150%2C150&amp;ssl=1 150w, https:\/\/i0.wp.com\/bellagirlmagazin.hu\/wp-content\/uploads\/2025\/04\/niki-bellagirl-2025.jpg?resize=768%2C761&amp;ssl=1 768w, https:\/\/i0.wp.com\/bellagirlmagazin.hu\/wp-content\/uploads\/2025\/04\/niki-bellagirl-2025.jpg?resize=600%2C594&amp;ssl=1 600w, https:\/\/i0.wp.com\/bellagirlmagazin.hu\/wp-content\/uploads\/2025\/04\/niki-bellagirl-2025.jpg?resize=1536%2C1521&amp;ssl=1 1536w, https:\/\/i0.wp.com\/bellagirlmagazin.hu\/wp-content\/uploads\/2025\/04\/niki-bellagirl-2025.jpg?resize=1040%2C1030&amp;ssl=1 1040w, https:\/\/i0.wp.com\/bellagirlmagazin.hu\/wp-content\/uploads\/2025\/04\/niki-bellagirl-2025.jpg?resize=100%2C100&amp;ssl=1 100w, https:\/\/i0.wp.com\/bellagirlmagazin.hu\/wp-content\/uploads\/2025\/04\/niki-bellagirl-2025.jpg?w=1647&amp;ssl=1 1647w\" sizes=\"(max-width: 1024px) 100vw, 1024px\" data-recalc-dims=\"1\" \/><\/div>\n<div class=\"w-full lg:w-9\/12 bg-red-100 rounded-3xl flex flex-col justify-center p-8 lg:p-14\">\n<h3 class=\"text-2xl capitalize text-indigo-900 font-semibold\">T\u00f3th-Sur\u00e1nyi Nikoletta<\/h3>\n<p><span class=\"inline-block capitalize text-xl text-indigo-900 font-light mt-1.5 mb-5\">Alap\u00edt\u00f3-f\u0151szerkeszt\u0151<\/span><\/p>\n<p class=\"text-indigo-900 opacity-75 leading-normal\">T\u00f3th-Sur\u00e1nyi Nikoletta vagyok, Bella Girl Magazin alap\u00edt\u00f3-f\u0151szerkeszt\u0151, diplom\u00e1s kereszt\u00e9ny szeml\u00e9let\u0171 coach, megold\u00e1sf\u00f3kusz\u00fa gyermek-\u00e9s kamaszcoach, Kids\u2019s Skills Nagyk\u00f6vet \u00e9s hivatalos Zumba Fitness oktat\u00f3.<\/p>\n<p><a title=\"Tov\u00e1bb a teljes bemutatkoz\u00e1shoz...\" href=\"https:\/\/bellagirlmagazin.hu\/?page_id=8013\">Tov\u00e1bb a teljes bemutatkoz\u00e1shoz&#8230;<\/a><\/p>\n<\/div>\n<\/div>\n<div class=\"flex flex-col md:flex-row-reverse gap-6\">\n<div class=\"w-full lg:w-1\/4 rounded-3xl overflow-hidden\"><img decoding=\"async\" class=\"w-full h-full object-cover aspect-video lg:aspect-square\" src=\"https:\/\/i0.wp.com\/bellagirlmagazin.hu\/wp-content\/uploads\/2024\/03\/bellagirl-dominika.jpg?w=2560&#038;ssl=1\" alt=\"Noe Dominika\" data-recalc-dims=\"1\"><\/div>\n<div class=\"w-full lg:w-9\/12 bg-blue-100 rounded-3xl flex flex-col justify-center p-8 lg:p-14\">\n<h3 class=\"text-2xl capitalize text-indigo-900 font-semibold\">No\u00e9 Dominika<\/h3>\n<p><span class=\"inline-block capitalize text-xl text-indigo-900 font-light mt-1.5 mb-5\">F\u0151szerkeszt\u0151-helyettes<\/span><\/p>\n<p class=\"text-indigo-900 opacity-75 leading-normal\">No\u00e9 Dominika vagyok, a Bella Girl Magazin f\u0151szerkeszt\u0151-helyettese. K\u00f6zeli bar\u00e1taimnak csak Domis. 19 \u00e9ves vagyok, jelenleg a Szegedi Tudom\u00e1nyegyetem els\u0151 \u00e9ves tanul\u00f3ja vagyok kommunik\u00e1ci\u00f3 \u00e9s m\u00e9diatudom\u00e1ny szakon.<\/p>\n<p><a title=\"Tov\u00e1bb a teljes bemutatkoz\u00e1shoz...\" href=\"https:\/\/bellagirlmagazin.hu\/?page_id=8018\">Tov\u00e1bb a teljes bemutatkoz\u00e1shoz&#8230;<\/a><\/p>\n<\/div>\n<\/div>\n<div class=\"flex flex-col md:flex-row gap-6\">\n<div class=\"w-full lg:w-1\/4 rounded-3xl overflow-hidden\"><img decoding=\"async\" class=\"w-full h-full object-cover aspect-video lg:aspect-square\" src=\"https:\/\/i0.wp.com\/bellagirlmagazin.hu\/wp-content\/uploads\/2024\/03\/bellagirl-kissneannamaria.jpg?w=2560&#038;ssl=1\" alt=\"\" data-recalc-dims=\"1\"><\/div>\n<div class=\"w-full lg:w-9\/12 bg-yellow-100 rounded-3xl flex flex-col justify-center p-8 lg:p-14\">\n<h3 class=\"text-2xl capitalize text-indigo-900 font-semibold\">Kissn\u00e9 Kov\u00e1cs Annam\u00e1ria<\/h3>\n<p class=\"text-indigo-900 opacity-75 leading-normal\">Anna vagyok, a bellagirlmagazin youtube csatorna k\u00e9sz\u00edt\u0151je, feles\u00e9g, egy kisfi\u00fa \u00e9desanyja, gy\u00f3gyszer\u00e9sz \u00e9s ami a legfontosabb Isten gyermeke.<\/p>\n<p><a title=\"Tov\u00e1bb a teljes bemutatkoz\u00e1shoz...\" href=\"https:\/\/bellagirlmagazin.hu\/?page_id=8040\">Tov\u00e1bb a teljes bemutatkoz\u00e1shoz&#8230;<\/a><\/p>\n<\/div>\n<\/div>\n<div class=\"flex flex-col md:flex-row-reverse gap-6\">\n<div class=\"w-full lg:w-1\/4 rounded-3xl overflow-hidden\"><img decoding=\"async\" class=\"w-full h-full object-cover aspect-video lg:aspect-square\" src=\"https:\/\/i0.wp.com\/bellagirlmagazin.hu\/wp-content\/uploads\/2024\/03\/bellagirl-reni.jpg?w=2560&#038;ssl=1\" alt=\"\" data-recalc-dims=\"1\"><\/div>\n<div class=\"w-full lg:w-9\/12 bg-green-100 rounded-3xl flex flex-col justify-center p-8 lg:p-14\">\n<h3 class=\"text-2xl capitalize text-indigo-900 font-semibold\">T\u00f3th Ren\u00e1ta Anna<\/h3>\n<p class=\"text-indigo-900 opacity-75 leading-normal\">Reni vagyok, \u00e9s m\u00e1r n\u00e9gy \u00e9ve \u00e9lem az \u0151r\u00fclten p\u00f6rg\u0151s egyetemista \u00e9letemet, amiben a kedves csal\u00e1dom, csod\u00e1s bar\u00e1taim \u00e9s a mindegyik\u00fckn\u00e9l nagyszer\u0171bb Istenem k\u00eds\u00e9r sz\u00fcntelen.<\/p>\n<p><a title=\"Tov\u00e1bb a teljes bemutatkoz\u00e1shoz...\" href=\"https:\/\/bellagirlmagazin.hu\/?page_id=8020\">Tov\u00e1bb a teljes bemutatkoz\u00e1shoz&#8230;<\/a><\/p>\n<\/div>\n<\/div>\n<div class=\"flex flex-col md:flex-row gap-6\">\n<div class=\"w-full lg:w-1\/4 rounded-3xl overflow-hidden\"><img decoding=\"async\" class=\"w-full h-full object-cover aspect-video lg:aspect-square\" src=\"https:\/\/i0.wp.com\/bellagirlmagazin.hu\/wp-content\/uploads\/2024\/03\/bellagirl-zsuzsa.jpg?w=2560&#038;ssl=1\" alt=\"\" data-recalc-dims=\"1\"><\/div>\n<div class=\"w-full lg:w-9\/12 bg-yellow-100 rounded-3xl flex flex-col justify-center p-8 lg:p-14\">\n<h3 class=\"text-2xl capitalize text-indigo-900 font-semibold\">J\u00e1kob Zsuzsanna<\/h3>\n<p class=\"text-indigo-900 opacity-75 leading-normal\">Isten szeretett Le\u00e1nya vagyok. Fiatal kereszt\u00e9ny feln\u0151ttk\u00e9nt Budapesten \u00e9lem az \u00e9letet. Kereszt\u00e9ny csal\u00e1dba n\u0151ttem fel 4 tes\u00f3mmal, s nagyon k\u00f6zel \u00e1ll a sz\u00edvemhez a vid\u00e9ki \u00e9let var\u00e1zsa.<\/p>\n<p><a title=\"Tov\u00e1bb a teljes bemutatkoz\u00e1shoz...\" href=\"https:\/\/bellagirlmagazin.hu\/?page_id=8022\">Tov\u00e1bb a teljes bemutatkoz\u00e1shoz&#8230;<\/a><\/p>\n<\/div>\n<\/div>\n<div class=\"flex flex-col md:flex-row-reverse gap-6\">\n<div class=\"w-full lg:w-1\/4 rounded-3xl overflow-hidden\"><img decoding=\"async\" class=\"w-full h-full object-cover aspect-video lg:aspect-square\" src=\"https:\/\/i0.wp.com\/bellagirlmagazin.hu\/wp-content\/uploads\/2024\/03\/bellagirl-szviki.jpg?w=2560&#038;ssl=1\" alt=\"\" data-recalc-dims=\"1\"><\/div>\n<div class=\"w-full lg:w-9\/12 bg-green-100 rounded-3xl flex flex-col justify-center p-8 lg:p-14\">\n<h3 class=\"text-2xl capitalize text-indigo-900 font-semibold\">Szab\u00f3 G. Vikt\u00f3ria<\/h3>\n<p class=\"text-indigo-900 opacity-75 leading-normal\">\u00d6r\u00fcl\u00f6k, hogy a nevem jelent\u00e9se a gy\u0151zelem. Volt id\u0151, amikor lecser\u00e9ltem volna valamilyen divatosabbra, de ma m\u00e1r szeretem, mert az jut eszembe, hogy Krisztusban gy\u0151ztes vagyok.<\/p>\n<p><a title=\"Tov\u00e1bb a teljes bemutatkoz\u00e1shoz...\" href=\"https:\/\/bellagirlmagazin.hu\/?page_id=8024\">Tov\u00e1bb a teljes bemutatkoz\u00e1shoz&#8230;<\/a><\/p>\n<\/div>\n<\/div>\n<div class=\"flex flex-col md:flex-row gap-6\">\n<div class=\"w-full lg:w-1\/4 rounded-3xl overflow-hidden\"><img decoding=\"async\" class=\"w-full h-full object-cover aspect-video lg:aspect-square\" src=\"https:\/\/i0.wp.com\/bellagirlmagazin.hu\/wp-content\/uploads\/2024\/03\/bellagirl-rakhel.jpg?w=2560&#038;ssl=1\" alt=\"\" data-recalc-dims=\"1\"><\/div>\n<div class=\"w-full lg:w-9\/12 bg-yellow-100 rounded-3xl flex flex-col justify-center p-8 lg:p-14\">\n<h3 class=\"text-2xl capitalize text-indigo-900 font-semibold\">Benedek R\u00e1khel<\/h3>\n<p class=\"text-indigo-900 opacity-75 leading-normal\">M\u00e1r gyermekkoromban tal\u00e1lkoztam az \u00dar J\u00e9zussal, de \u00fagy igaz\u00e1n hat \u00e9vvel ezel\u0151tt lettem az \u00d6v\u00e9, az \u0150 megv\u00e1ltott gyermeke, b\u00e1r\u00e1nyk\u00e1ja.<\/p>\n<p><a title=\"Tov\u00e1bb a teljes bemutatkoz\u00e1shoz...\" href=\"https:\/\/bellagirlmagazin.hu\/?page_id=8026\">Tov\u00e1bb a teljes bemutatkoz\u00e1shoz&#8230;<\/a><\/p>\n<\/div>\n<\/div>\n<div class=\"flex flex-col md:flex-row-reverse gap-6\">\n<div class=\"w-full lg:w-1\/4 rounded-3xl overflow-hidden\"><img decoding=\"async\" class=\"w-full h-full object-cover aspect-video lg:aspect-square\" src=\"https:\/\/i0.wp.com\/bellagirlmagazin.hu\/wp-content\/uploads\/2024\/03\/bellagirl-lilla.jpg?w=2560&#038;ssl=1\" alt=\"\" data-recalc-dims=\"1\"><\/div>\n<div class=\"w-full lg:w-9\/12 bg-green-100 rounded-3xl flex flex-col justify-center p-8 lg:p-14\">\n<h3 class=\"text-2xl capitalize text-indigo-900 font-semibold\">Unger Lilla-Zenk\u0151<\/h3>\n<p class=\"text-indigo-900 opacity-75 leading-normal\">Unger Lilla-Zenk\u0151 vagyok Marosv\u00e1s\u00e1rhelyr\u0151l. Huszonk\u00e9t \u00e9ves \u00e9s a kolozsv\u00e1ri Zeneakad\u00e9mia heged\u0171 szakos hallgat\u00f3ja vagyok.<\/p>\n<p><a title=\"Tov\u00e1bb a teljes bemutatkoz\u00e1shoz...\" href=\"https:\/\/bellagirlmagazin.hu\/?page_id=8028\">Tov\u00e1bb a teljes bemutatkoz\u00e1shoz&#8230;<\/a><\/p>\n<\/div>\n<\/div>\n<div class=\"flex flex-col md:flex-row gap-6\">\n<div class=\"w-full lg:w-1\/4 rounded-3xl overflow-hidden\"><img decoding=\"async\" class=\"w-full h-full object-cover aspect-video lg:aspect-square\" src=\"https:\/\/i0.wp.com\/bellagirlmagazin.hu\/wp-content\/uploads\/2024\/03\/bellagirl-jessica.jpg?w=2560&#038;ssl=1\" alt=\"\" data-recalc-dims=\"1\"><\/div>\n<div class=\"w-full lg:w-9\/12 bg-yellow-100 rounded-3xl flex flex-col justify-center p-8 lg:p-14\">\n<h3 class=\"text-2xl capitalize text-indigo-900 font-semibold\">Hajducsi Jessica<\/h3>\n<p class=\"text-indigo-900 opacity-75 leading-normal\">A nevem Jessi, 18 \u00e9ves vagyok, di\u00e1k, \u00e9pp a 12. oszt\u00e1lyt fogom v\u00e9gezni. Rem\u00e9lhet\u0151leg \u0151szt\u0151l \u00f3v\u00f3- \u00e9s tan\u00edt\u00f3k\u00e9pz\u0151 egyetemre fogok tov\u00e1bb menni.<\/p>\n<p><a title=\"Tov\u00e1bb a teljes bemutatkoz\u00e1shoz...\" href=\"https:\/\/bellagirlmagazin.hu\/?page_id=8030\">Tov\u00e1bb a teljes bemutatkoz\u00e1shoz&#8230;<\/a><\/p>\n<\/div>\n<\/div>\n<div class=\"flex flex-col md:flex-row-reverse gap-6\">\n<div class=\"w-full lg:w-1\/4 rounded-3xl overflow-hidden\"><img decoding=\"async\" class=\"w-full h-full object-cover aspect-video lg:aspect-square\" src=\"https:\/\/i0.wp.com\/bellagirlmagazin.hu\/wp-content\/uploads\/2024\/03\/bellagirl-fanni.jpg?w=2560&#038;ssl=1\" alt=\"\" data-recalc-dims=\"1\"><\/div>\n<div class=\"w-full lg:w-9\/12 bg-green-100 rounded-3xl flex flex-col justify-center p-8 lg:p-14\">\n<h3 class=\"text-2xl capitalize text-indigo-900 font-semibold\">Csat\u00e1ri Fanni<\/h3>\n<p class=\"text-indigo-900 opacity-75 leading-normal\">Csat\u00e1ri Fanni vagyok, negyed\u00e9ves tan\u00e1r szakos hallgat\u00f3 a Debreceni Egyetemen, \u00e9s amat\u0151r sz\u00f3zsongl\u0151r.<\/p>\n<p><a title=\"Tov\u00e1bb a teljes bemutatkoz\u00e1shoz...\" href=\"https:\/\/bellagirlmagazin.hu\/?page_id=8032\">Tov\u00e1bb a teljes bemutatkoz\u00e1shoz&#8230;<\/a><\/p>\n<\/div>\n<\/div>\n<div class=\"flex flex-col md:flex-row gap-6\">\n<div class=\"w-full lg:w-1\/4 rounded-3xl overflow-hidden\"><img decoding=\"async\" class=\"w-full h-full object-cover aspect-video lg:aspect-square\" src=\"https:\/\/i0.wp.com\/bellagirlmagazin.hu\/wp-content\/uploads\/2024\/03\/bellagirl-stefi.jpg?w=2560&#038;ssl=1\" alt=\"\" data-recalc-dims=\"1\"><\/div>\n<div class=\"w-full lg:w-9\/12 bg-yellow-100 rounded-3xl flex flex-col justify-center p-8 lg:p-14\">\n<h3 class=\"text-2xl capitalize text-indigo-900 font-semibold\">Orb\u00e1n Stefi<\/h3>\n<p class=\"text-indigo-900 opacity-75 leading-normal\">Orb\u00e1n Stefi vagyok, 24 \u00e9ves, brass\u00f3i, erd\u00e9lyi l\u00e1ny. Jelenleg nem tanulok, \u00e9s nem is dolgozom.<\/p>\n<p><a title=\"Tov\u00e1bb a teljes bemutatkoz\u00e1shoz...\" href=\"https:\/\/bellagirlmagazin.hu\/?page_id=8034\">Tov\u00e1bb a teljes bemutatkoz\u00e1shoz&#8230;<\/a><\/p>\n<\/div>\n<\/div>\n<div class=\"flex flex-col md:flex-row-reverse gap-6\">\n<div class=\"w-full lg:w-1\/4 rounded-3xl overflow-hidden\"><img decoding=\"async\" class=\"w-full h-full object-cover aspect-video lg:aspect-square\" src=\"https:\/\/i0.wp.com\/bellagirlmagazin.hu\/wp-content\/uploads\/2024\/03\/bellagirl-timi.jpg?w=2560&#038;ssl=1\" alt=\"\" data-recalc-dims=\"1\"><\/div>\n<div class=\"w-full lg:w-9\/12 bg-green-100 rounded-3xl flex flex-col justify-center p-8 lg:p-14\">\n<h3 class=\"text-2xl capitalize text-indigo-900 font-semibold\">Konr\u00e1d-Gy\u00e9m\u00e1nt T\u00edmea<\/h3>\n<p class=\"text-indigo-900 opacity-75 leading-normal\">34 \u00e9ves vagyok, sz\u00e1llodai recepci\u00f3sk\u00e9nt dolgozom, amit nagyon szeretek, mert sz\u00edvesen ismerkedek emberekkel a vil\u00e1g k\u00fcl\u00f6nb\u00f6z\u0151 pontjair\u00f3l.<\/p>\n<p><a title=\"Tov\u00e1bb a teljes bemutatkoz\u00e1shoz...\" href=\"https:\/\/bellagirlmagazin.hu\/?page_id=8036\">Tov\u00e1bb a teljes bemutatkoz\u00e1shoz&#8230;<\/a><\/p>\n<\/div>\n<\/div>\n<div class=\"flex flex-col md:flex-row gap-6\">\n<div class=\"w-full lg:w-1\/4 rounded-3xl overflow-hidden\"><img decoding=\"async\" class=\"w-full h-full object-cover aspect-video lg:aspect-square\" src=\"https:\/\/i0.wp.com\/bellagirlmagazin.hu\/wp-content\/uploads\/2024\/03\/bellagirl-nagynecsenge.jpg?w=2560&#038;ssl=1\" alt=\"\" data-recalc-dims=\"1\"><\/div>\n<div class=\"w-full lg:w-9\/12 bg-yellow-100 rounded-3xl flex flex-col justify-center p-8 lg:p-14\">\n<h3 class=\"text-2xl capitalize text-indigo-900 font-semibold\">Nagyn\u00e9 V\u00e9gh Csenge<\/h3>\n<p class=\"text-indigo-900 opacity-75 leading-normal\">Nagyn\u00e9 V\u00e9gh Csenge vagyok, h\u00e1zass\u00e1gban \u00e9lek, h\u00e1rom gyermek \u00e9desanyja vagyok.<\/p>\n<p><a title=\"Tov\u00e1bb a teljes bemutatkoz\u00e1shoz...\" href=\"https:\/\/bellagirlmagazin.hu\/?page_id=8038\">Tov\u00e1bb a teljes bemutatkoz\u00e1shoz&#8230;<\/a><\/p>\n<\/div>\n<\/div>\n<\/div>\n<\/section>\n<p><!-- partial --><br \/>\n<script src=\".\/script.js\"><\/script><\/p>\n<p>&nbsp;<\/p>\n","protected":false},"excerpt":{"rendered":"<p>&nbsp; &nbsp; Ismerd meg a Bella L\u00e1nyokat! T\u00f3th-Sur\u00e1nyi Nikoletta Alap\u00edt\u00f3-f\u0151szerkeszt\u0151 T\u00f3th-Sur\u00e1nyi Nikoletta vagyok, Bella Girl Magazin alap\u00edt\u00f3-f\u0151szerkeszt\u0151, diplom\u00e1s kereszt\u00e9ny szeml\u00e9let\u0171 coach, megold\u00e1sf\u00f3kusz\u00fa gyermek-\u00e9s kamaszcoach, Kids\u2019s Skills Nagyk\u00f6vet \u00e9s hivatalos Zumba Fitness oktat\u00f3. Tov\u00e1bb a teljes bemutatkoz\u00e1shoz&#8230; No\u00e9 Dominika F\u0151szerkeszt\u0151-helyettes No\u00e9 Dominika vagyok, a Bella Girl Magazin f\u0151szerkeszt\u0151-helyettese. K\u00f6zeli bar\u00e1taimnak csak Domis. 19 \u00e9ves vagyok, jelenleg&#8230;<a class=\"btnReadMore blake-von-hauer-font-3\" href=\"https:\/\/bellagirlmagazin.hu\/?page_id=7976\"> \/ TOV\u00c1BB OLVASOM \/<\/a><\/p>\n","protected":false},"author":1,"featured_media":0,"parent":0,"menu_order":0,"comment_status":"closed","ping_status":"closed","template":"","meta":{"ngg_post_thumbnail":0,"footnotes":""},"aioseo_notices":[],"jetpack-related-posts":[],"jetpack_sharing_enabled":false,"_links":{"self":[{"href":"https:\/\/bellagirlmagazin.hu\/index.php?rest_route=\/wp\/v2\/pages\/7976"}],"collection":[{"href":"https:\/\/bellagirlmagazin.hu\/index.php?rest_route=\/wp\/v2\/pages"}],"about":[{"href":"https:\/\/bellagirlmagazin.hu\/index.php?rest_route=\/wp\/v2\/types\/page"}],"author":[{"embeddable":true,"href":"https:\/\/bellagirlmagazin.hu\/index.php?rest_route=\/wp\/v2\/users\/1"}],"replies":[{"embeddable":true,"href":"https:\/\/bellagirlmagazin.hu\/index.php?rest_route=%2Fwp%2Fv2%2Fcomments&post=7976"}],"version-history":[{"count":3,"href":"https:\/\/bellagirlmagazin.hu\/index.php?rest_route=\/wp\/v2\/pages\/7976\/revisions"}],"predecessor-version":[{"id":8322,"href":"https:\/\/bellagirlmagazin.hu\/index.php?rest_route=\/wp\/v2\/pages\/7976\/revisions\/8322"}],"wp:attachment":[{"href":"https:\/\/bellagirlmagazin.hu\/index.php?rest_route=%2Fwp%2Fv2%2Fmedia&parent=7976"}],"curies":[{"name":"wp","href":"https:\/\/api.w.org\/{rel}","templated":true}]}}